49?
940
Calculate the remainder when 300822 is divided by 7519.
62
Calculate the remainder when 20363 is divided by 20325.
38
What is the remainder when 565723 is divided by 282503?
717
What is the remainder when 28287 is divided by 386?
109
Calculate the remainder when 24643968 is divided by 759.
756
Calculate the remainder when 3742677 is divided by 1001.
939
What is the remainder when 52562206 is divided by 462?
4
What is the remainder when 14731792 is divided by 32?
16
What is the remainder when 198042021 is divided by 9902101?
1
What is the remainder when 30493203 is divided by 34?
31
Calculate the remainder when 286151 is divided by 1540.
1251
Calculate the remainder when 2088570 is divided by 4387.
358
Calculate the remainder when 602113 is divided by 1341.
4
What is the remainder when 436652 is divided by 6077?
5185
Calculate the remainder when 79106756 is divided by 11.
3
What is the remainder when 66311 is divided by 431?
368
Calculate the remainder when 68533125 is divided by 2203.
2201
Calculate the remainder when 23964 is divided by 1097.
927
Calculate the remainder when 52805 is divided by 2033.
1980
Calculate the remainder when 75091 is divided by 2440.
1891
Calculate the remainder when 42703654 is divided by 2792.
14
What is the remainder when 700987 is divided by 811?
283
What is the remainder when 289836 is divided by 2632?
316
Calculate the remainder when 1414531 is divided by 707224.
83
What is the remainder when 569360 is divided by 4787?
4494
What is the remainder when 22485703 is divided by 686?
681
What is the remainder when 176158 is divided by 58610?
328
Calculate the remainder when 476000 is divided by 43204.
756
What is the remainder when 539714 is divided by 2127?
1583
Calculate the remainder when 191668 is divided by 3362.
34
Calculate the remainder when 19871700 is divided by 4778.
4776
What is the remainder when 1655126 is divided by 3088?
3046
What is the remainder when 2419570 is divided by 6204?
10
Calculate the remainder when 8243932 is divided by 3896.
3892
What is the remainder when 94333 is divided by 45297?
3739
What is the remainder when 118750 is divided by 482?
178
Calculate the remainder when 717795 is divided by 239260.
15
What is the remainder when 370072013 is divided by 21?
17
Calculate the remainder when 1534307 is divided by 1145.
7
Calculate the remainder when 267886944 is divided by 57.
54
What is the remainder when 159460105 is divided by 31892016?
25
What is the remainder when 29526669 is divided by 3690833?
5
Calculate the remainder when 194520 is divided by 2752.
1880
What is the remainder when 363271685 is divided by 461?
458
What is the remainder when 952087 is divided by 25054?
35
What is the remainder when 3095596 is divided by 1122?
1120
What is the remainder when 1606007 is divided by 5020?
4627
Calculate the remainder when 46688934 is divided by 118.
110
What is the remainder when 393248 is divided by 68?
4
What is the remainder when 7576919 is divided by 2027?
2020
What is the remainder when 314868 is divided by 8509?
35
What is the remainder when 340803 is divided by 2681?
316
What is the remainder when 5034987 is divided by 8227?
63
Calculate the remainder when 109866232 is divided by 4394649.
7
What is the remainder when 233263 is divided by 12942?
307
Calculate the remainder when 41293402 is divided by 19.
18
What is the remainder when 6542628 is divided by 433?
431
Calculate the remainder when 743235 is divided by 13908.
6111
What is the remainder when 680427 is divided by 128?
107
Calculate the remainder when 21300 is divided by 10557.
186
What is the remainder when 18127467 is divided by 175?
92
What is the remainder when 9095654 is divided by 1010627?
11
What is the remainder when 8226342 is divided by 101?
94
Calculate the remainder when 311117 is divided by 2807.
2347
Calculate the remainder when 207973 is divided by 34277.
2311
What is the remainder when 9045025 is divided by 40?
25
What is the remainder when 11989783 is divided by 13?
0
Calculate the remainder when 4390739 is divided by 182.
171
What is the remainder when 241930031 is divided by 1994?
5
Calculate the remainder when 52304 is divided by 3233.
576
Calculate the remainder when 36609610 is divided by 2153.
2151
What is the remainder when 38274217 is divided by 187?
179
Calculate the remainder when 890396 is divided by 1.
0
What is the remainder when 8194956 is divided by 8194845?
111
What is the remainder when 928684 is divided by 8838?
694
What is the remainder when 2366827 is divided by 347?
287
What is the remainder when 437778 is divided by 10?
8
Calculate the remainder when 15417 is divided by 4750.
1167
What is the remainder when 3672053 is divided by 4022?
3989
What is the remainder when 91826 is divided by 18351?
71
Calculate the remainder when 6639169 is divided by 301.
12
What is the remainder when 3870878 is divided by 2269?
2233
Calculate the remainder when 56282830 is divided by 284.
278
What is the remainder when 100958 is divided by 612?
590
What is the remainder when 49926 is divided by 8308?
78
What is the remainder when 804902 is divided by 291?
287
Calculate the remainder when 3549300 is divided by 61.
15
Calculate the remainder when 92937 is divided by 256.
9
Calculate the remainder when 918470 is divided by 3167.
40
What is the remainder when 104450 is divided by 14809?
787
Calculate the remainder when 554521 is divided by 4625.
4146
What is the remainder when 61888 is divided by 145?
118
Calculate the remainder when 129732766 is divided by 716.
10
What is the remainder when 4092603 is divided by 454733?
6
What is the remainder when 457846 is divided by 152579?
109
Calculate the remainder when 17629390 is divided by 2518483.
9
Calculate the remainder when 44708870 is divided by 8941773.
5
What is the remainder when 863609 is divided by 207?
5
What is the remainder when 202802 is divided by 463?
8
Calculate the remainder when 2924517 is divided by 2207.
242
Calculate the remainder when 495955 is divided by 561.
31
Calculate the remainder when 37030410 is divided by 37030397.
13
What is the remainder when 115721 is divided by 634?
333
Calculate the remainder when 150461 is divided by 150193.
268
Calculate the remainder when 1669517 is divided by 834728.
61
What is the remainder when 17943 is divided by 73?
58
Calculate the remainder when 472341 is divided by 27.
3
What is the remainder when 298140 is divided by 17?
11
What is the remainder when 2311312 is divided by 55031?
10
What is the remainder when 2000689 is divided by 133379?
4
What is the remainder when 741082 is divided by 740933?
149
What is the remainder when 61949 is divided by 5646?
5489
Calculate the remainder when 35949 is divided by 795.
174
What is the remainder when 27206309 is divided by 7385?
7354
Calculate the remainder when 179384 is divided by 60.
44
What is the remainder when 14501645 is divided by 653?
474
What is the remainder when 349605 is divided by 114?
81
Calculate the remainder when 3250888 is divided by 1845.
1843
Calculate the remainder when 102099188 is divided by 424.
412
What is the remainder when 523334 is divided by 8440?
54
Calculate the remainder when 12296 is divided by 9289.
3007
What is the remainder when 1512625 is divided by 1872?
49
Calculate the remainder when 811643230 is divided by 767.
762
What is the remainder when 918706 is divided by 22967?
26
Calculate the remainder when 14102700 is divided by 742245.
45
What is the remainder when 538052 is divided by 38425?
102
Calculate the remainder when 937358 is divided by 87.
20
Calculate the remainder when 3640322 is divided by 6191.
14
Calculate the remainder when 35923 is divided by 12038.
11847
Calculate the remainder when 1635297 is divided by 1278.
735
What is the remainder when 274183 is divided by 91386?
25
What is the remainder when 224918 is divided by 153?
8
What is the remainder when 5770200 is divided by 2885083?
34
Calculate the remainder when 128923 is divided by 124025.
4898
What is the remainder when 1066441 is divided by 533216?
9
What is the remainder when 306552 is divided by 3390?
1452
Calculate the remainder when 390668346 is divided by 623.
621
What is the remainder when 7438732 is divided by 880?
92
What is the remain